4*o, -3*o = 5 - 2. What is c(r)?
0
Let k = -840 + 846. Suppose -k*p - 21 + 27 = 0. Let q(x) = -20*x**2 - x + 1. Calculate q(p).
-20
Let k be -2 + 406/21 + -16 - 68/6. Let p(l) = -3*l + 11. Let y(o) = o - 6. Let u(b) = -2*p(b) - 5*y(b). What is u(k)?
-2
Let u(r) = -r**3 - 4 - 2*r + 7*r**2 + 2 - 2 - 4*r. Suppose 2*z = -4*i - 24, -2*i + 6*i = 2*z - 8. Let q be 69/12 + (-1)/z. Determine u(q).
-4
Let w(n) be the third derivative of -1/2*n**3 + 0*n**4 + 12*n**2 + 0*n + 1/20*n**5 - 1/120*n**6 + 0. Determine w(4).
-19
Let m(z) = z - 2. Suppose -4*o + 3*s - 32 = 0, 0 = -2*o + 2*s + s - 16. What is m(o)?
-10
Suppose 12*d = n + 9*d - 11, -7 = -3*n - 4*d. Let w(z) = -z**2 + 8*z - 6. Calculate w(n).
9
Let k(a) be the second derivative of a**5/20 - 3*a**4/4 - a**3 + 4*a**2 + 686*a. What is k(10)?
48
Suppose 3*y - 3*m - 3 = 0, -5*y - m + 2 = -7*y. Let x(i) = -3*i**2 - 6*i - 8. Determine x(y).
-17
Let n(t) be the first derivative of -t**3/3 + 13*t**2/2 - 9*t + 29. Let a be n(12). Suppose 7 = a*f + 19. Let b(j) = j**2 + 2*j + 5. Calculate b(f).
13
Let h(z) = -z**2 - 6*z + 4. Let w be (-92)/5 - ((-456)/(-60) - 8). Let s be 122/w + 5/(225/(-10)). Give h(s).
-3
Let i(y) be the third derivative of y**6/120 + y**5/30 - 25*y**4/12 - 5*y**3/6 + 61*y**2. What is i(-8)?
11
Let i(l) = l + 29. Let q be i(-26). Let s(r) be the first derivative of -r**4/4 + r**3 + r**2/2 - 4*r + 316. Determine s(q).
-1
Let b(g) = 43*g**3 - 2*g**2 - 3. Let z(v) be the first derivative of 11*v**4/2 - v**3/3 - 2*v - 4274. Let s = -11 + 6. Let x(w) = s*z(w) + 3*b(w). What is x(1)?
19
Let u(l) be the second derivative of l**7/840 - l**6/90 + l**5/60 - l**4/24 - 85*l**3/2 + 39*l. Let i(n) be the second derivative of u(n). Give i(3).
-4
Let p(u) = 15*u - 1. Suppose 3 = 5*k + 4*f, 10*f = k + 5*f - 18. Let l(h) = -13*h + 3. Let j(y) = k*l(y) + 2*p(y). Give j(5).
-38
Let q(o) = o**3 - 14*o**2 + 21*o + 30. Let z be q(12). Let c(s) = -s**2 - 7*s - 2. Calculate c(z).
4
Suppose -29*s + 19*s = 0. Let o(m) = m**2 + m - 116. Determine o(s).
-116
Suppose 0 = 164*v - 261*v. Let w(h) be the third derivative of -13*h**2 + v*h**4 + 1/60*h**5 + 0*h + 0 + 4/3*h**3. What is w(0)?
8
Let c = 3599 - 3602. Let s(v) = -2*v**2 - 1. Calculate s(c).
-19
Let k(p) = -7*p + 3. Suppose 2*s - 7*b - 514 = -3*b, 0 = -4*b + 8. Let o = -259 + s. Calculate k(o).
-11
Let k(z) = z**2 + 7*z - 97. Let m be k(7). Let r(f) = 14*f**3 + 0*f**3 + 1 + 567*f - 567*f. Calculate r(m).
15
Suppose 4*w + 15*w = 76. Suppose 5*t + 4 + 3 = -w*j, -12 = 4*t. Let m(d) = -d**3 + 2*d**2 + 2*d. What is m(j)?
4
Let q(r) = 2*r**2 + 1. Suppose 0 = 27*t + 84 + 213. Let o(d) = -10 - 3*d - 4 + 2*d. Let p be o(t). What is q(p)?
19
Let d(x) = 253*x + 3794. Let s be d(-15). Let p(f) = -7*f**3 - f**2 + 8*f + 8. Give p(s).
6
Let b(r) = r**2 - r + 31. Suppose 20 = -4*o + 4*s - 0*s, -3*o - 2*s - 35 = 0. Let w(f) = f**2 + 12*f + 27. Let u be w(o). Give b(u).
31
Let l = -485 - -508. Suppose l - 18 = -j. Let t(u) = u**2 + 4*u - 5. Determine t(j).
0
Let p(f) = f - 16 - 2*f + 3. Let k be -1*4/10 + (-1200)/125. What is p(k)?
-3
Let l(f) = -f**2 - 8*f + 52. Let q be l(-10). Suppose -q*w = -27*w. Let z(d) = -d**2 - 23. Calculate z(w).
-23
Let w(c) = 27*c + 1. Suppose -8*z + 5*z - 20 = j, 4*z + 21 = -j. Let l(t) = 76*t + 3. Let h(b) = j*w(b) + 6*l(b). Determine h(-4).
13
Let v(s) = -s + 25. Let a be v(17). Let c(y) = 52*y + 2. Let i(m) = 62*m + 2. Let n(u) = 6*c(u) - 5*i(u). What is n(a)?
18
Let i(g) = g. Let h(t) = -t**2 - 7*t - 6. Let c(o) = o**2 + 8*o + 7. Let u(l) = 6*c(l) + 7*h(l). Let v = 1 + -1. Let p be u(v). Determine i(p).
0
Suppose 0 = -y - 5*n - 16, 5*n + 24 = 4. Suppose -2*t - y = -3*a, 0*a + 3*t = -3*a + 24. Let j be -2 + (-2)/a*-4. Let o(c) = -c - 7. What is o(j)?
-7
Let x = 194 - 131. Suppose -61*c = -4*o - x*c + 26, -5*c - 7 = 2*o. Let s(r) = r**2 - 11*r + 16. Give s(o).
-2
Let f(j) = 10*j**2 - 149*j + 74. Let o(l) = -7*l**2 + 105*l - 50. Let w(v) = -5*f(v) - 7*o(v). Calculate w(7).
1
Let i(r) = -136693 + 68279 + 68300 - 16*r. Calculate i(-7).
-2
Let m = 666 + -663. Let w(r) be the second derivative of -4/3*r**m - r + 1/20*r**5 + 0 + 4*r**2 - 5/12*r**4. Determine w(6).
-4
Let q be (-20 - 315)*(-9)/(-15). Let v = q - -195. Let u(k) = k**2 + 4*k. What is u(v)?
12
Let u = 243 + -53. Let i = 191 - u. Let g(k) = -9*k + 2. Give g(i).
-7
Let q be -2 - (-1 + (-7 - -4)). Let v(t) = 15*t - 11*t**2 + 4 - 16*t + 0*t**q. Let y(h) = -12*h**2 - h + 5. Let g(o) = -4*v(o) + 3*y(o). Calculate g(1).
8
Let c be (-130)/4*20/(-25). Suppose -177 - c = -7*b. Let y = b - 36. Let v(x) = -x**2 - 8*x + 3. Give v(y).
10
Let k(a) be the second derivative of a**3/6 - a**2/2 - 698*a. Calculate k(6).
5
Let k(t) = 4*t + 25. Let b be k(-7). Let j be (2 - 0)/(0 + 2/b). Let d(z) = 2*z**2 + 3*z - 4. Let g be d(j). Let u(y) = 2*y - 7. Give u(g).
3
Let y(o) = -11 - 17 + 2*o + 20*o + 3*o + 2*o. Let n(z) = -10*z + 10. Let h(j) = -8*n(j) - 3*y(j). Let g = -12 + 18. Calculate h(g).
-2
Let t(c) = 2*c**2 + 4*c + 18. Let v be t(9). Let g = 210 - v. Let s(a) be the first derivative of -a**3/3 - 3*a**2 + 8*a + 1. Calculate s(g).
8
Suppose 1261 + 1235 = 3*b. Let n be b/128 - (-2)/4. Let g(d) = d - 16. Calculate g(n).
-9
Let g be (-312)/(-546) - (-12)/(-21). Let z(q) = -q**3 - 3*q**2 + 5*q + 2. Give z(g).
2
Let x(p) = -p - 2 + 1 + 2*p. Suppose -76*a + 24 = -u - 81*a, u - 2*a = 4. Calculate x(u).
-5
Let n(p) = 3*p - 230. Let d be n(75). Let j(s) = s**3 + 7*s**2 + 8*s - 6. What is j(d)?
4
Let k(m) be the first derivative of -5*m**3 - m**2/2 + m + 6. Let s = -287 + 308. Suppose 6 = -15*z + s*z. Calculate k(z).
-15
Let l(b) = -b - 1. Let k(q) = q + 1. Let j(y) = -3*k(y) - 2*l(y). Suppose -4*z = a - 6, -2*a + 0*z = -z - 12. Let t be -7 + 10/(a - 4). Determine j(t).
1
Let w(u) = -106*u - 630. Let m be w(-6). Let j(r) = 3*r - 14. Calculate j(m).
4
Let l(f) be the second derivative of f**3/2 + 25*f**2/2 + 63*f - 5. Determine l(-26).
-53
Let g(n) be the first derivative of -n**3/3 + 53*n - 2163. What is g(-8)?
-11
Let z(c) be the third derivative of 0*c**3 + 0*c + 1/24*c**4 - 45*c**2 + 0. Determine z(8).
8
Let u(z) = 2177*z - 6518. Let s be u(3). Let r(g) = g**3 - 8*g**2 + 6*g - 17. Let c(t) = t**3 - 7*t**2 + 7*t - 18. Let l(k) = 5*c(k) - 6*r(k). Calculate l(s).
-1
Let a be 334/5 - 23/(-115). Let p(b) = 33*b - a*b + 32*b - 2. Give p(-3).
4
Suppose 0 = -2*d - 3*d + 15. Let f = 963 - 963. Suppose -2*j + d*j = f. Let a(t) = t**2 + t + 2. Determine a(j).
2
Let b = 2 - 5. Let v(t) be the second derivative of t**3 - 2*t**2 + 3533*t - 1. Give v(b).
-22
Let s(n) = -n + 4. Suppose -9*r + 2*l + 44 = -6*r, -5*r = -4*l - 76. Suppose 0 = -4*v - r, 2*u + 7*v - 2*v + 9 = 0. Give s(u).
1
Let d be 49/(-28) - (-65)/(-52). Let s(b) = 4*b + 5. Determine s(d).
-7
Suppose 810*y = 3*m + 811*y - 3, -12 = -m - 4*y. Let f(h) = -7*h + 5. What is f(m)?
5
Let n(v) = -11*v**2 + 14*v + 46. Let l(w) = 40*w**2 - 57*w - 182. Let u(r) = 3*l(r) + 11*n(r). Calculate u(-13).
12
Let j(b) = -b + 29. Suppose -3*v + 8*v = -10*v. Give j(v).
29
Suppose 5*r + 3*k = 6*k + 41, 3*r - 2*k = 25. Suppose -1047 + 567 = 24*f. Let u be r/(-3) + 3 + f/3. Let g(t) = t**2 + 8*t. What is g(u)?
-12
Let f(n) = n**3 - n**2 - 21*n - 10. Let j be (-94)/(-10) + 82/(-205) - 3. What is f(j)?
44
Let l = 34 + -22. Let u = l - 12. Let j(h) = 2*h + u*h + 3*h - 2 - 3 - h**2. What is j(6)?
-11
Let x(a) be the third derivative of a**6/120 + 23*a**5/60 + 7*a**4/4 - a**3/2 - 393*a**2. Calculate x(-21).
-3
Let p(l) = 4*l**2 - 4*l + 2. Suppose 4*r + 63 = 2*w - 47, 3*w + 5*r - 132 = 0. Suppose -w*d = -41*d - 16. Calculate p(d).
10
Let f(z) = -20*z - 176. Suppose -151 = 61*j + 21 + 377. Calculate f(j).
4
Let c(t) be the third derivative of t**4/6 - 11*t**3/6 - 1077*t**2. What is c(-9)?
-47
Let h(z) = -41*z**2 + 15*z + 6. Let m(t) = -74*t**2 + 28*t + 11. Let u(n) = -11*h(n) + 6*m(n). What is u(-2)?
22
Let n(f) be the first derivative of -f**3/3 - f**2 + 4*f - 1607. Give n(4).
-20
Let o(n) = -12*n + 449. Let m be o(36). Let l(u) = 7*u - 30*u + 9*u + 1 + m*u. Determine l(-1).
-2
Let c(d) = d**3 - 10*d**2 - d + 12. Let s be c(10). Suppose 24 = 2*y + 3*k - 3, -2 = -2*y + s*k. Let z(o) = -o**2 + 5*o - 6. Determine z(y).
-12
Let n(l) = 10*l + 372. Let b(o) = 11*o + 431. Let j(p) = 5*b(p) - 6*n(p). C